culate the remainder when 17 is divided by i.
2
Suppose 301*v + 102*v - 1209 = 0. Suppose 0*r + 41 = r. Suppose 27 = -4*c + 5*c - 4*t, -3*c + r = -2*t. Calculate the remainder when c is divided by v.
2
Let p be (12 - 12)/((-1)/(3/3)). What is the remainder when -4 - p - 2112/(-96) is divided by (-114)/(-7) + 4/(-14)?
2
Suppose 4*w = -3*t + 29, -1 = t - 5*w + 21. Suppose -4*h = -4*o + 1964, -t*h - 50 = -47. What is the remainder when o is divided by 33?
28
Suppose 17*h - 255*h - 9780 = -67376. Calculate the remainder when h is divided by 68.
38
Let c = -4351 + 4450. Calculate the remainder when 5636 is divided by c.
92
Let k(w) = w**2 - 4*w**2 + 3 + 2*w**3 - 4 + w**2 - w. Let n be k(2). Suppose 5*r - r - 4*i = 68, n*r - 89 = i. Calculate the remainder when r is divided by 5.
3
Suppose -4*d + 3*r + 333 = 0, -3*d = 7*r - 9*r - 249. Suppose -556 - d = -13*p. Suppose 2*x - p + 19 = 0. What is the remainder when 29 is divided by x?
14
Suppose 5230*v - 5237*v = -1295. What is the remainder when v is divided by 70?
45
Suppose 8*k - 15 - 49 = 0. Let b be 4 - k/(-3 + 4) - -6. What is the remainder when (225/(-3))/(-1 + -2 + b) is divided by 19?
18
Let z = 340 - 336. What is the remainder when 68 + z*(-6)/24 is divided by 4?
3
Suppose 5*g = -5*f + 5615, -13*g + 5*g = 32. What is the remainder when f is divided by 39?
35
Suppose 23166 = -2640*z + 2666*z. Calculate the remainder when z is divided by 325.
241
Let x = 29 + 36. Suppose m + 0 = -5*j + x, 5*j = -2*m + 135. Suppose m = 3*k + 4*k. Calculate the remainder when 44 is divided by k.
4
Let a(j) = 14*j - 180. Let l be a(14). Calculate the remainder when 8/l*8 + 117 is divided by 21.
16
Suppose 15207 - 1331 = -0*x + 2*x. Calculate the remainder when x is divided by 13.
9
Suppose -30*i + 3545 = 8735. Let d = -31 - i. Calculate the remainder when d is divided by 1/1 + 2 + 15.
16
Let r(s) = s**3 - 8*s**2 + 38*s - 377. What is the remainder when 502 is divided by r(9)?
42
Let i(g) = -412*g + 5053. Calculate the remainder when 6101 is divided by i(12).
106
Let l(m) = -27*m + 31. Let c be l(-24). Let n = -666 + c. Suppose 0 = 3*i + 26 - 137. What is the remainder when i is divided by n?
11
Suppose 0 = -137*n + 142*n - 70. Suppose 51 = n*z - 47. Calculate the remainder when 37 is divided by z.
2
Let x(o) = -o**2 - 10*o - 28. Suppose 0 = 3*f - 15, 0*z = 2*z - 5*f + 33. Let q be x(z). What is the remainder when 254 is divided by 15/3 + 50 + q?
50
Let l = 14 + -9. Let a(t) = -t**2 + 7*t - 4. Suppose -24*x = -22 - 530. Calculate the remainder when x is divided by a(l).
5
Let m = 20 - 32. Let v be 1*m/(-16) + (-3)/4. What is the remainder when 234 is divided by (12/18 + v)/((-4)/(-282))?
46
Suppose -17356 - 90311 = -21*y. What is the remainder when y is divided by 18?
15
Let c be (-10)/6*(1 + -4). Suppose 5*a = a - 20, c*x + 3*a = 65. Let o = 117 - -24. Calculate the remainder when o is divided by x.
13
Suppose 3*w + 587 = 5*q, -w - 373 - 91 = -4*q. Calculate the remainder when q is divided by 65.
50
Let b(u) be the first derivative of -9*u**4/2 - 2*u**2 - 5*u - 51. What is the remainder when 66 is divided by b(-1)?
15
Suppose i + 3 = 0, -16 = g + 4*i + 26. Calculate the remainder when 29 is divided by 7 - (100/g - (-4)/(-6)).
7
Let v(j) = j**3 + 12*j**2 + 10*j - 11. Let n be v(-11). Let z be -2*(5 + -3) - (-3 - n). Calculate the remainder when 47 is divided by ((-34)/(-8)*z)/((-2)/8).
13
Let l = -6290 - -6374. What is the remainder when 181 is divided by l?
13
Let m = -27729 - -29105. Calculate the remainder when m is divided by 22.
12
Calculate the remainder when 757 is divided by ((-19 - -79)/(-10) + 13/2)*540.
217
Let q = -45 + 48. Suppose -q*y + 12 = 0, 6*c - 2*y - 156 = 2*c. What is the remainder when c is divided by 22?
19
Let o(n) = -132*n. Let i(x) = -2*x. Let l(g) = 44*i(g) - o(g). Calculate the remainder when l(4) is divided by 12.
8
Let u(x) be the first derivative of 5*x - 1/4*x**4 - 25 - 2/3*x**3 + 3/2*x**2. Calculate the remainder when 8 is divided by u(-3).
3
Suppose 2*y - 313 = -j, 70*y = 72*y - j - 323. What is the remainder when 1747 is divided by y?
157
Let k = -32 + 47. Let d be -1 - ((-95)/4 + (-2)/8). Suppose -3*i + 2*v + 226 = 0, -19*i + d*i + 5*v = 286. What is the remainder when i is divided by k?
14
Suppose 120586*a + 3960 = 120604*a. Calculate the remainder when a is divided by 37.
35
Let m = 11775 - 11477. What is the remainder when 609 is divided by m?
13
Let o(h) = 40*h**2 + 2*h. Let s be 15*(3/5 - 0). What is the remainder when o(-1) is divided by 42/3 + s/(-3)?
5
Let t = 3873 - 3571. Calculate the remainder when 307 is divided by t.
5
Let u = 1585 - 1492. Calculate the remainder when 192 is divided by u.
6
Let x(q) = q**3 - 25*q**2 + 24*q + 5. Let b be x(24). Suppose 3*c - 2*f - 73 = 2*f, -2*f - 117 = -b*c. What is the remainder when c is divided by 4?
3
Suppose -168 = -4*f + 116. Let z = 27 - 27. Suppose 2*u = u + 3*i + 24, z = u + 3*i - 24. What is the remainder when f is divided by u?
23
Let n = -2023 + 2269. Calculate the remainder when 762 is divided by n.
24
Suppose 0 = 11*m - 35 + 13. Suppose -m = -4*u + b + 2*b, u + 2*b = -5. What is the remainder when ((-164)/8)/(u/2) is divided by 22?
19
Let j = -574 - -574. Suppose 0*w - w = 3*c - 50, -3*w + c + 120 = j. What is the remainder when 117 is divided by w?
35
Let r(s) = -3*s**3 - 10*s**2 - 36*s - 147. What is the remainder when 466 is divided by r(-5)?
150
Let s = -444 + 257. Let w = s - -202. What is the remainder when 26 is divided by w?
11
Let f = 5371 + -5322. What is the remainder when 635 is divided by f?
47
Suppose -229*a = -75*a - 104412. Calculate the remainder when a is divided by 168.
6
Suppose 0 = c + 5*c. Suppose -3*k + 205 - 49 = c. What is the remainder when k is divided by 3/6*3 - 477/(-18)?
24
Suppose -3*v + 9 = -9. Calculate the remainder when (10 + -13)/((-27)/v)*63 is divided by 12.
6
Let s = -35 + 41. Suppose -39*j + 64 + 170 = 0. What is the remainder when s is divided by j?
0
Let x = 332 - 420. What is the remainder when 68 is divided by (x/33 - 4/(-6)) + 59?
11
Let g be -8 + -6*2/3 - -4. Calculate the remainder when 12/4 + 91 - -1 is divided by (-1012)/(-32) - 3/g.
31
Let z(f) = -4*f**2 + 15*f + 9. What is the remainder when 598 is divided by z(4)?
3
Let s = -7339 - -7365. Let w = 430 - 226. Calculate the remainder when w is divided by s.
22
Let t(k) = -k + 7. Let y(g) = -6*g - 48. Let p be y(-17). Suppose 5*j = -3*u + p, -j = -2*j + 3. What is the remainder when u is divided by t(5)?
1
Suppose -4*k = z - 12 + 23, 2*k - 2*z = -18. What is the remainder when 13 is divided by (88/3)/k*(-117)/78?
2
Calculate the remainder when 115 + -103 - (0 + -219) is divided by 13.
10
Suppose -38*u + 3*u = 27*u - 434. What is the remainder when 561 is divided by u?
1
Suppose 4*t = -2*m + 1160, 1450 = 5*t - 73*m + 70*m. What is the remainder when t is divided by 202?
88
What is the remainder when 310*667/870*(1 + 3 + -1) is divided by 186?
155
Let r = 44290 - 44276. Suppose 0 = b - 3*a - 39, -a - 195 = -5*b - 0*a. What is the remainder when b is divided by r?
11
Suppose n - 323 = -2*b, -7*b + 12*b + 365 = n. Calculate the remainder when n is divided by 68.
63
Let c(p) = -p**3 - 7*p**2 - 9*p + 12. Let z be c(-6). Suppose 11*f - z = -8. Let s(v) = -5*v - 3. What is the remainder when s(-2) is divided by f?
1
Let s = 354 + -280. Suppose -5*h - s + 359 = 0. What is the remainder when 109 is divided by h?
52
Suppose -120 - 40 = -2*x - 3*i, -2*x + 160 = -2*i. Calculate the remainder when 13998 is divided by x.
78
Suppose 3*u - 5*u - 18*u + 240 = 0. Calculate the remainder when 1724 is divided by u.
8
Let d(z) = 266*z - 1915. Calculate the remainder when d(8) is divided by 15.
3
Suppose -4*q - 3*w + 127 + 7 = 0, -4*w = -3*q + 63. Calculate the remainder when 131 is divided by q.
15
Calculate the remainder when 2834 is divided by (11 - 867/204)/(1/12).
80
Let y(t) = t**2 - 21*t + 10. Let i be y(8). Let n = -43 - i. Calculate the remainder when n is divided by (6 + 22)*(-3 + 2)/(-2).
9
Suppose 3*n + 6*m - 3*m = 51, 0 = -5*n - 3*m + 81. Calculate the remainder when 132 is divided by n.
12
Suppose -b = -3*b + 44. Let r(z) = 4*z + 5. Let i be r(15). Let d = i - b. Calculate the remainder when 128 is divided by d.
42
Let q be (-